False
Let q(j) = 147*j**2 - 32*j + 211. Is q(6) a composite number?
True
Suppose t - 5 + 3 = 0. Suppose -2*y - 2 = -2*h, t*h = -3*y + h + 17. Suppose -3*z + y*z - 386 = 5*n, -z = 4*n - 377. Is z a prime number?
False
Suppose -c = -0*c + z - 7, -c - 2*z = -2. Let p be (32/(-6))/(c/(-270)). Let x = 261 - p. Is x prime?
False
Let f be (-161 + 8)/(3/2). Is f/(-85)*(-2110)/(-4) a composite number?
True
Let g(u) be the second derivative of -u**3/6 + u**2 + 10*u. Let b be g(2). Suppose -p + 65 = 4*z, b*p + 3*z = p - 72. Is p a composite number?
True
Suppose 0 = s + 5*n - 159, -2*n + 7*n = 15. Suppose r = -3*z + s + 317, -4*r = -5*z - 1878. Is r a composite number?
False
Let h = 6500 + -3067. Is h a composite number?
False
Suppose 3*c + 0*c = -3*o + 21, -5*o + 28 = 4*c. Is 14/(-98) + 21120/c a composite number?
True
Let q(d) = -7*d + 4. Let v(g) = -1. Let f(x) = q(x) + 2*v(x). Suppose 44 = -60*z + 56*z. Is f(z) a composite number?
False
Let x be -1 + -4 + 2 - -121. Let d be x - ((2 - 0) + 1). Suppose d = 4*t + 23. Is t composite?
False
Let p = -418 - -1382. Let t be (-2)/(-3) + (-5181)/9. Let l = t + p. Is l prime?
True
Let z = 19 + -24. Let u(x) = 7*x**2 + 5*x - 1. Is u(z) a composite number?
False
Suppose -5111 - 9260 = -7*u. Is u a composite number?
False
Suppose -5*k + 26115 = -4*m, 4*k - 3828 - 17085 = -m. Is k a prime number?
True
Suppose -5*h = 2*y - 1843 - 58, 4*y = 5*h + 3817. Is y composite?
False
Let i(o) = 6*o**2 - 12*o - 8. Let l be i(9). Suppose -5*c + 5*z - 2*z = 917, 2*c + 2*z = -l. Let m = 27 - c. Is m a prime number?
True
Let h = 390 - 195. Suppose -t = 2*t - h. Is t prime?
False
Suppose -4*a = -2*b + 1470, 3*b + 0*a - 2205 = -3*a. Let j = 1614 - b. Is j a prime number?
False
Let t(r) be the first derivative of -r**4/4 - r**3/3 + 2*r**2 + 9*r - 11. Is t(-5) composite?
False
Suppose -19*p = -w - 14*p + 63382, 0 = -2*w - p + 126753. Is w composite?
False
Suppose d - 55270 = -5*y + 4*d, d + 33166 = 3*y. Is y a composite number?
False
Let n = 216 - 138. Suppose -81*x = -n*x - 1791. Is x a prime number?
False
Let y be ((-148)/4 + -1)*13. Let w = y + 871. Is w a prime number?
False
Let d be 0/2 + 10/2 + 0. Suppose -3*b - 5*h = -1709, -3*h + 7*h - 2857 = -d*b. Is b prime?
False
Suppose 4*m - 2*d + 20 = 8, -5*m - 3*d = 4. Let b(s) = -5501*s - 5. Is b(m) composite?
True
Suppose 8*n + 279 = 5*n. Let i = 118 - n. Is i composite?
False
Suppose 0 = -2*k - 2*m + 4, -2*k - 6 = -5*k - 2*m. Suppose 0 = i - k*i + 435. Suppose 0 = -2*w - w + i. Is w a prime number?
False
Suppose -3*n = n - 4*g - 58788, 5*n + 2*g - 73457 = 0. Is n prime?
False
Suppose 9*b - 32 - 4 = 0. Suppose 0*c = 5*v + b*c - 6819, 0 = 5*v - 2*c - 6813. Is v prime?
False
Let m(j) = -j**3 - 12*j**2 - 10*j + 1. Let p be m(-10). Let o = 145 + p. Is o a prime number?
False
Let b be (9 + (2 - 2))*-1. Let q be 2/((12/(-4))/b). Let x(m) = 4*m**2 - 1. Is x(q) a composite number?
True
Let r be (196/12)/(3/(-108)). Let w = -281 - r. Is w prime?
True
Suppose -d - 5 = -2*d, -2*d = 4*n - 82. Suppose 2*c - n = c. Suppose 0 = -2*y + m + c, 5*m + 13 = -y - 0*y. Is y a composite number?
False
Suppose 13248 = 4*v + 2*i, -5*i + 9*i = v - 3321. Is v composite?
False
Let f = -1155 + 2113. Is f composite?
True
Is ((-102)/8)/(165/(-148060)) prime?
False
Suppose 0*z - 32*z = -1280352. Is z a composite number?
True
Let f = -20 - -26. Let z(t) be the third derivative of -t**6/120 + 2*t**5/15 + t**4/6 - t**3/6 - 5*t**2. Is z(f) composite?
True
Let q(i) = i**3 + 5*i**2 + 3*i - 1. Let f be q(-4). Suppose -1690 = -5*p + 5*z, 2*z + 143 + 870 = f*p. Is p a composite number?
False
Suppose 3*h - 4*s + 836 = -212, 4*h + 2*s + 1368 = 0. Let x = h + 2317. Is x a composite number?
False
Let w = -131 + 246. Suppose -2*j = -1 - 5. Suppose j*m - w = 2*m. Is m composite?
True
Let x = -9 + -21. Is 2/(-5) + -2*801/x a prime number?
True
Let y(l) = 2*l - 15. Let t = 23 - 13. Let a be y(t). Suppose q - 79 = 2*c - 0*c, -2*q + 153 = -a*c. Is q a prime number?
True
Suppose 0 = 4*i - 3*i - 4. Let w = 9 - i. Let k(c) = 6*c - 8. Is k(w) a prime number?
False
Suppose 0*h = 10*h - 41270. Is h a composite number?
False
Suppose -42*w - 3*w + 2215845 = 0. Is w prime?
False
Let x(a) = -a - 16. Let n be x(-19). Suppose -j = -5*v + 1169, 0*j + 944 = 4*v - n*j. Is v a composite number?
False
Let p(g) = -17*g**3 - 154 - 2*g**2 + 21*g**3 + 155. Suppose 5*i = 15 - 0. Is p(i) prime?
False
Let o(j) be the first derivative of j**4/4 - 14*j**3/3 - 8*j**2 + 20*j + 2. Let h be o(15). Is 5 - h - 382/(-2) a composite number?
False
Let v be (-74)/(-9) - (-2)/(-9). Suppose 3*w - v = 1. Suppose t - 158 = -u, -w*t + 155 = -2*t + 2*u. Is t composite?
True
Let g = 7166 + -2232. Is g prime?
False
Let p = 1360 - -10541. Is p composite?
True
Let v be (-3)/((-4)/(-20)*30/(-4)). Suppose -4605 = -n - v*n. Is n prime?
False
Let u(z) be the third derivative of -1/12*z**4 + 1/12*z**5 + 3*z**2 + 0 + 2*z**3 + 1/120*z**6 + 0*z. Is u(-5) a prime number?
False
Let g = -3 - -8. Suppose 4*w + 5*f = -8, -w - 2*w - 11 = g*f. Suppose q - w = -0*q. Is q a composite number?
False
Suppose 0 = -5*m + 2*t + 71258 + 11551, m - 16551 = -5*t. Is m composite?
False
Let w = 7172 + 565. Is w prime?
False
Let f = -78 + 115. Let x = f - 26. Let v = x + 8. Is v a prime number?
True
Let j = -2462 - -10741. Is j a prime number?
False
Let g = -6820 + 10133. Is g a prime number?
True
Suppose -4413 = -3*r + 3*f, 0 = r + 2*f + 3*f - 1471. Is r a composite number?
False
Let o(v) = -v**3 - v**2 + v. Let g(q) = 11*q**2 - 9*q + 3. Suppose -2*r + 2 - 4 = 0. Let m(a) = r*g(a) - 6*o(a). Is m(3) composite?
True
Let u = 350 - 115. Suppose 4*t - 2*y + 7*y = 976, t - y = u. Is t prime?
True
Is ((-85)/34)/(1/(-8222)) composite?
True
Let o(r) = -3*r - 4. Let l = 8 + -10. Let m be o(l). Suppose -282 = -m*k - 4*b, -3*k + 4*b = 41 - 424. Is k a prime number?
False
Suppose 3*p = -2*p - 5*y + 4580, 4*p + 2*y = 3658. Is p composite?
True
Let b(d) = 14*d**2 - 5 + 6*d + 17*d**2 - 23*d**2 + d**3. Let i be b(-7). Is 13 + 7 + i*1 composite?
True
Suppose -4*t = 5*t - 36. Let w be -10*((-10)/4 - -2). Is (t + (w - -4))/1 composite?
False
Suppose -u = -20 - 4. Suppose 16 = -4*z, 4*w - 5*z = 6*w - u. Is w composite?
True
Let y be (-2)/((-1)/8*2). Suppose 10*a - y*a - 218 = 0. Is a composite?
False
Let w = 15818 - 9129. Is w composite?
False
Suppose -q + 7288 = 5*c + 2518, -5*q - 4800 = -5*c. Is c prime?
False
Let q = -71 - -7. Let t = q - -290. Is t prime?
False
Suppose -2*l + 215 = 3*l. Let d = -19 - -22. Suppose -2*x + d*a - l = -419, 2*a + 760 = 4*x. Is x composite?
False
Let m(n) = 4*n + n**2 + 20 + 0*n**2 + 11*n + 1. Is m(-15) a composite number?
True
Let w(m) = -7*m - 2. Let l(a) = 20*a + 5. Let g(j) = -6*l(j) - 17*w(j). Let o be g(2). Suppose -5*b = 4*u - 86, -o*b + 36 = -0*u + 2*u. Is b a prime number?
False
Let p(d) = 3*d**3 - 6*d**2 - 8*d - 3. Let l be p(-3). Let x = l - -237. Is x prime?
False
Suppose -4077 = -4*h - 2*j + 15375, -2*h + 2*j = -9714. Is h a prime number?
True
Let n(c) be the first derivative of -7*c**2/2 + 17*c + 1. Let u(q) = q - 2. Let h be u(-12). Is n(h) prime?
False
Let b(p) = p**3 - 5*p**2. Let z be b(5). Let w(l) = -11*l + z - 29*l + 9. Is w(-7) a prime number?
False
Suppose 3*w + 0*d = 5*d, -5*w - 5*d = -40. Suppose -6*b - 3195 + 8721 = 0. Suppose -w*n - 3*k = -913, -5*n = k - 0*k - b. Is n a prime number?
False
Let h(s) = 3*s**2 + 4*s - 13. Let w be h(-3). Suppose -325 + 843 = w*v. Is v composite?
True
Let f = 49 + 61. Let n(a) = -a**2 + 18*a + 11. Let k be n(8). Suppose 0 = 3*i - f - k. Is i a composite number?
False
Let h(t) = 487*t**2 + 40*t - 35. Is h(16) a prime number?
False
Let x(m) = 2*m**3 - 4*m**2 + m + 29917. Is x(0) composite?
False
Suppose u - 145 = 2*u. Let q = u - -260. Suppose -5*m + 50 = -q. Is m a prime number?
False
Let b(r) be the second derivative of -r**5/20 + 23*r**4/12 - 17*r**3/6 - 12*r**2 + r - 1. Is b(19) composite?
False
Let m(v) = 108*v**2 - 13*v + 35. Is m(10) a composite number?
True
Let d(a) be the third derivative of -323*a**4/12 + 11*a**3/6 + a**2. Is d(-2) prime?
True
Let n(j) = j**2 - 12*j + 14. Let i be n(11). Suppose t = 5*a - 79 - 45, 3*a - 72 = i*t. Suppose a + 117 = 2*p. Is p prime?
True
Let z(d) = 21*d**2 - 19*d - 163. Is z(-15) prime?
False
Let b